{"id":24,"date":"2017-04-15T13:56:40","date_gmt":"2017-04-15T13:56:40","guid":{"rendered":"http:\/\/xn--naturtextilien-ldchen-l2b.de\/?page_id=24"},"modified":"2026-03-26T08:10:46","modified_gmt":"2026-03-26T08:10:46","slug":"oeffnungszeiten","status":"publish","type":"page","link":"https:\/\/xn--naturtextilien-ldchen-l2b.de\/?page_id=24","title":{"rendered":"\u00d6ffnungszeiten"},"content":{"rendered":"\n<p><\/p>\n\n\n<p>I<\/p>\n<div class=\"editor-visual-editor__post-title-wrapper edit-post-visual-editor__post-title-wrapper\" contenteditable=\"false\">\n<h1 class=\"wp-block wp-block-post-title block-editor-block-list__block editor-post-title editor-post-title__input rich-text\" role=\"textbox\" contenteditable=\"true\" aria-label=\"Titel hinzuf\u00fcgen\" aria-multiline=\"true\">NaturtextilienL\u00e4dchen in \u00d6schelbronn schliesst ab sofort seine Pforten !<\/h1>\n<\/div>\n<div class=\"is-root-container is-desktop-preview is-layout-flow wp-block-post-content block-editor-block-list__layout\">\n<p>Neuer\u00f6ffnung in Vaihingen Enz ist f\u00fcr den April geplant.<\/p>\n<p>N\u00e4here Informationen folgen in K\u00fcrze.<\/p>\n<\/div>\n\n\n<p><\/p>\n","protected":false},"excerpt":{"rendered":"<p>I NaturtextilienL\u00e4dchen in \u00d6schelbronn schliesst ab sofort seine Pforten ! Neuer\u00f6ffnung in Vaihingen Enz ist f\u00fcr den April geplant. N\u00e4here Informationen folgen in K\u00fcrze.<\/p>\n","protected":false},"author":1,"featured_media":0,"parent":0,"menu_order":0,"comment_status":"closed","ping_status":"closed","template":"","meta":{"footnotes":""},"class_list":["post-24","page","type-page","status-publish","hentry"],"_links":{"self":[{"href":"https:\/\/xn--naturtextilien-ldchen-l2b.de\/index.php?rest_route=\/wp\/v2\/pages\/24","targetHints":{"allow":["GET"]}}],"collection":[{"href":"https:\/\/xn--naturtextilien-ldchen-l2b.de\/index.php?rest_route=\/wp\/v2\/pages"}],"about":[{"href":"https:\/\/xn--naturtextilien-ldchen-l2b.de\/index.php?rest_route=\/wp\/v2\/types\/page"}],"author":[{"embeddable":true,"href":"https:\/\/xn--naturtextilien-ldchen-l2b.de\/index.php?rest_route=\/wp\/v2\/users\/1"}],"replies":[{"embeddable":true,"href":"https:\/\/xn--naturtextilien-ldchen-l2b.de\/index.php?rest_route=%2Fwp%2Fv2%2Fcomments&post=24"}],"version-history":[{"count":91,"href":"https:\/\/xn--naturtextilien-ldchen-l2b.de\/index.php?rest_route=\/wp\/v2\/pages\/24\/revisions"}],"predecessor-version":[{"id":480,"href":"https:\/\/xn--naturtextilien-ldchen-l2b.de\/index.php?rest_route=\/wp\/v2\/pages\/24\/revisions\/480"}],"wp:attachment":[{"href":"https:\/\/xn--naturtextilien-ldchen-l2b.de\/index.php?rest_route=%2Fwp%2Fv2%2Fmedia&parent=24"}],"curies":[{"name":"wp","href":"https:\/\/api.w.org\/{rel}","templated":true}]}}

Öffnungszeiten

<p></p>


<p>I</p>
<div class="editor-visual-editor__post-title-wrapper edit-post-visual-editor__post-title-wrapper" contenteditable="false">
<h1 class="wp-block wp-block-post-title block-editor-block-list__block editor-post-title editor-post-title__input rich-text" role="textbox" contenteditable="true" aria-label="Titel hinzufügen" aria-multiline="true">NaturtextilienLädchen in Öschelbronn schliesst ab sofort seine Pforten !</h1>
</div>
<div class="is-root-container is-desktop-preview is-layout-flow wp-block-post-content block-editor-block-list__layout">
<p>Neueröffnung in Vaihingen Enz ist für den April geplant.</p>
<p>Nähere Informationen folgen in Kürze.</p>
</div>


<p></p>

<p>I NaturtextilienLädchen in Öschelbronn schliesst ab sofort seine Pforten ! Neueröffnung in Vaihingen Enz ist für den April geplant. Nähere Informationen folgen in Kürze.</p>
