{"id":2,"date":"2016-05-10T03:48:21","date_gmt":"2016-05-10T03:48:21","guid":{"rendered":"http:\/\/wp452m.a10-52-158-154.qa.plesk.ru\/wordpress\/?page_id=2"},"modified":"2023-07-29T08:40:16","modified_gmt":"2023-07-29T08:40:16","slug":"sample-page","status":"publish","type":"page","link":"https:\/\/xn--naturtextilien-ldchen-l2b.de\/?page_id=2","title":{"rendered":"Sortiment"},"content":{"rendered":"<h1>Damen<\/h1>\n<ul>\n<li>Oberbekleidung aus Wolle, Baumwolle, Leinen, Hanf, Bambus und Seide.<\/li>\n<li>W\u00e4sche aus Naturbaumwolle, Wolle, Seide<\/li>\n<li>Socken, Leggings und Strumpfhosen<\/li>\n<li>Hausschuhe, Schlafanz\u00fcge<\/li>\n<li>M\u00fctzen, H\u00fcte, Handschuhe, Schals\u00a0und T\u00fccher<\/li>\n<\/ul>\n<h1>Herren<\/h1>\n<ul>\n<li>Ein kleines Sortiment von T-shirts, Hausschuhen und Accessoires.<\/li>\n<\/ul>\n<p><img loading=\"lazy\" decoding=\"async\" class=\"alignnone size-medium wp-image-233\" src=\"https:\/\/xn--naturtextilien-ldchen-l2b.de\/wp-content\/uploads\/2019\/03\/DSC_0955-300x169.jpg\" alt=\"\" width=\"300\" height=\"169\" srcset=\"https:\/\/xn--naturtextilien-ldchen-l2b.de\/wp-content\/uploads\/2019\/03\/DSC_0955-300x169.jpg 300w, https:\/\/xn--naturtextilien-ldchen-l2b.de\/wp-content\/uploads\/2019\/03\/DSC_0955-768x432.jpg 768w, https:\/\/xn--naturtextilien-ldchen-l2b.de\/wp-content\/uploads\/2019\/03\/DSC_0955-1024x576.jpg 1024w\" sizes=\"auto, (max-width: 300px) 100vw, 300px\" \/> <img loading=\"lazy\" decoding=\"async\" class=\"alignnone size-medium wp-image-234\" src=\"https:\/\/xn--naturtextilien-ldchen-l2b.de\/wp-content\/uploads\/2019\/03\/DSC_0957-300x169.jpg\" alt=\"\" width=\"300\" height=\"169\" srcset=\"https:\/\/xn--naturtextilien-ldchen-l2b.de\/wp-content\/uploads\/2019\/03\/DSC_0957-300x169.jpg 300w, https:\/\/xn--naturtextilien-ldchen-l2b.de\/wp-content\/uploads\/2019\/03\/DSC_0957-768x432.jpg 768w, https:\/\/xn--naturtextilien-ldchen-l2b.de\/wp-content\/uploads\/2019\/03\/DSC_0957-1024x576.jpg 1024w\" sizes=\"auto, (max-width: 300px) 100vw, 300px\" \/><\/p>\n","protected":false},"excerpt":{"rendered":"<p>Damen Oberbekleidung aus Wolle, Baumwolle, Leinen, Hanf, Bambus und Seide. W\u00e4sche aus Naturbaumwolle, Wolle, Seide Socken, Leggings und Strumpfhosen Hausschuhe, Schlafanz\u00fcge M\u00fctzen, H\u00fcte, Handschuhe, Schals\u00a0und T\u00fccher Herren Ein kleines Sortiment von T-shirts, Hausschuhen und Accessoires.<\/p>\n","protected":false},"author":1,"featured_media":0,"parent":0,"menu_order":0,"comment_status":"closed","ping_status":"open","template":"","meta":{"footnotes":""},"class_list":["post-2","page","type-page","status-publish","hentry"],"_links":{"self":[{"href":"https:\/\/xn--naturtextilien-ldchen-l2b.de\/index.php?rest_route=\/wp\/v2\/pages\/2","targetHints":{"allow":["GET"]}}],"collection":[{"href":"https:\/\/xn--naturtextilien-ldchen-l2b.de\/index.php?rest_route=\/wp\/v2\/pages"}],"about":[{"href":"https:\/\/xn--naturtextilien-ldchen-l2b.de\/index.php?rest_route=\/wp\/v2\/types\/page"}],"author":[{"embeddable":true,"href":"https:\/\/xn--naturtextilien-ldchen-l2b.de\/index.php?rest_route=\/wp\/v2\/users\/1"}],"replies":[{"embeddable":true,"href":"https:\/\/xn--naturtextilien-ldchen-l2b.de\/index.php?rest_route=%2Fwp%2Fv2%2Fcomments&post=2"}],"version-history":[{"count":14,"href":"https:\/\/xn--naturtextilien-ldchen-l2b.de\/index.php?rest_route=\/wp\/v2\/pages\/2\/revisions"}],"predecessor-version":[{"id":373,"href":"https:\/\/xn--naturtextilien-ldchen-l2b.de\/index.php?rest_route=\/wp\/v2\/pages\/2\/revisions\/373"}],"wp:attachment":[{"href":"https:\/\/xn--naturtextilien-ldchen-l2b.de\/index.php?rest_route=%2Fwp%2Fv2%2Fmedia&parent=2"}],"curies":[{"name":"wp","href":"https:\/\/api.w.org\/{rel}","templated":true}]}}